y - 55 = -2*g, 2*y = -m*g + 50. What is the tens digit of y?
1
Let p = 8 + -3. Suppose -a = -s + a + 26, s - p*a - 41 = 0. What is the tens digit of s?
1
Let y(f) = 8*f. Let t be y(-1). Let a = t - -8. Suppose -o + a = -7. What is the units digit of o?
7
Let x(n) = 3*n**2 - 2*n**2 + 3 + 2 - 2*n**2 + 6*n. Suppose 4*k - 16 - 8 = 0. What is the units digit of x(k)?
5
Suppose 4*w + 2 = -2*p, -w - 5*p - 11 - 12 = 0. Let b = 2 - w. Suppose r + 3*c + 8 = 0, -c = -b*r - r + 12. What is the units digit of r?
7
Let i(t) = t - 13. Let f be i(16). Suppose -29 = -q + f*h, -42 = 2*q - 4*q - 2*h. What is the tens digit of q?
2
Suppose t - 2*m = 23, -6*t + 43 = -4*t - 3*m. Let z = t - 7. What is the tens digit of z?
1
Let l(i) = -12*i - 3. What is the tens digit of l(-6)?
6
Let t = 1 - -3. Suppose -t*w + 12 = -2*w. What is the units digit of w?
6
Let c = -141 + 208. What is the tens digit of c?
6
Let j = 29 + -18. What is the units digit of j?
1
Suppose 155 = 10*l - 5*l. What is the units digit of l?
1
Suppose p + c = -p, 0 = c. Let i(q) = -q**3 - q + 1. What is the units digit of i(p)?
1
Let t(y) = y**3 + 10. What is the tens digit of t(0)?
1
Let w(g) = -g**2 - g + 121. Let c be w(0). Suppose -5*f + c = 3*o + 22, -4*f + o + 69 = 0. What is the units digit of f?
8
Let v(w) = w**3 + 8*w**2 + 10*w + 12. What is the tens digit of v(-6)?
2
Let k(p) = 2*p**2 + 4*p - 5. Let y be (-23)/3 - 4/(-6). Let n = -11 - y. What is the units digit of k(n)?
1
What is the units digit of ((-30)/(-12))/((-2)/(-16))?
0
Suppose z - 1 = 3. What is the units digit of z?
4
Let k = -2 - -4. What is the units digit of (k/(-6) + 0)*-24?
8
Suppose -525 = -4*t + 343. What is the hundreds digit of t?
2
Suppose 4 - 3 = -i. Let p(t) = -2*t. What is the units digit of p(i)?
2
Let u(q) = q**2 - 7*q + 2. Let d be (-2)/3*(2 - -1). Let z be (-66)/(-9) - d/(-6). What is the units digit of u(z)?
2
Let f(r) = 14*r**3 - 10*r**2 - 38*r - 41. Let y(l) = -5*l**3 + 3*l**2 + 13*l + 14. Let i(t) = -6*f(t) - 17*y(t). What is the tens digit of i(-8)?
1
Let i = 26 - 18. Suppose 3*b - 1 - i = 0. Suppose b*p - 38 + 1 = w, -w - 4 = 0. What is the tens digit of p?
1
Let k(g) = 2*g**3 - g**2 - 3*g - 3. What is the units digit of k(3)?
3
Let h(q) = q**2 + 7*q - 5. Let c be h(-7). Let o = 6 + c. What is the units digit of (-3 + 2)*o/(-1)?
1
Suppose 0*z - 2*m + 96 = 4*z, 0 = 5*z + 5*m - 130. What is the units digit of z?
2
Let d(q) = -q**2 - 5*q - 3. What is the units digit of d(-4)?
1
Let z(f) = -25*f**2 - f. Let q be z(-1). Suppose -69*g = -64*g - 200. Let j = q + g. What is the units digit of j?
6
Suppose 11*p - 15*p = 12. Let k be ((-27)/6)/(1/2). Let d = p - k. What is the units digit of d?
6
Suppose -7*u + 10*u = 42. What is the tens digit of u?
1
Let r(a) = a**2 + 1. Let i(s) = 6*s**2 - 12*s + 9. Let z(d) = i(d) - 5*r(d). What is the units digit of z(12)?
4
Let y(a) = 16*a + 3. What is the tens digit of y(8)?
3
Let n = 2 - 2. Suppose n = -6*l + 2*l + 196. What is the tens digit of l?
4
Let l = 5 - 3. Let g be (-2 - -2)*1/l. Suppose -w + g*w = -8. What is the units digit of w?
8
Suppose 4*n = 2*m - 178, 3*m = -3*n - 2*m - 127. What is the units digit of 2/(-10) - n/20?
2
Suppose 115 = o - 9. Let w = o - 76. What is the units digit of w?
8
Suppose -5*n = -2*r + 395, 2*r + 3*n = 5*r - 597. What is the units digit of r?
0
Let c(i) = -i**3 + i - 3. Let y be c(0). Let v = 6 + y. Suppose 4*u = 2*h + 36, 26 = v*u + 4*h - 23. What is the units digit of u?
1
What is the tens digit of (-1960)/(-90) + 4/18?
2
Let b(f) be the second derivative of f**5/20 - 5*f**4/6 - 5*f**3/3 + 13*f**2/2 - 7*f. What is the units digit of b(11)?
4
Let h = 4 + -3. Suppose -k + 8 = -h. What is the units digit of k?
9
Let h = -35 - -56. Let v = -19 + h. What is the units digit of v?
2
Let z = -82 + 92. What is the tens digit of z?
1
Let m = 36 - 21. Suppose 0*l - m = -l + 4*p, 5*l - 3*p - 41 = 0. What is the units digit of l?
7
Suppose -3*d = 3, -4*m = d + 3*d - 8. Suppose -m*u - 2*u = -15. What is the units digit of u?
3
Let s be -12 + 14 + 1*-29. Let w = -17 - s. What is the units digit of w?
0
Suppose -2*m = -4*k - 6*m + 64, 0 = 4*k - 2*m - 88. Let d = -2 + k. What is the tens digit of d?
1
Suppose 4*f - 22 = 3*c - 8, 0 = 2*c + 2*f. Suppose n - 5*n = -48. What is the tens digit of c/n + 122/12?
1
Let q(c) = -c**3 - 4*c**2 + 4*c + 5. Let k be q(-5). Suppose 5*a - 10 = k. What is the units digit of a?
4
Suppose o = -3*n + 44, n = 5*o + 4*n - 268. What is the units digit of o?
6
Let p(h) = -11*h**2 - 14*h - 6. Let c(m) = -5*m**2 - 7*m - 3. Let z(f) = -9*c(f) + 4*p(f). What is the units digit of z(-7)?
3
Suppose -5*c + 49 - 12 = 4*b, -2*b = -5*c + 19. Suppose 0*q - 4*k + 21 = q, -2*q - 23 = -c*k. Suppose f = q + 3. What is the units digit of f?
4
Let v = 0 + -1. What is the units digit of (-6)/2 - (v + -11)?
9
Let t = -2 - 0. Let p = 25 - t. What is the units digit of p?
7
Suppose 3*c = -0*c + 4*a - 8, -5*a + 21 = -c. Suppose -5*i = -c*p + 61, 0 = -4*p - 0*i + 3*i + 59. Let j = p + -6. What is the units digit of j?
8
Let v = 122 - 64. What is the units digit of v?
8
Let p = -134 + 220. What is the units digit of p?
6
Let b be -3*(-1 - 2 - -2). Suppose 2*j + 0*j + 130 = 3*d, -b*j = -2*d + 95. What is the units digit of (36/(-10))/((-16)/d)?
9
Suppose -3*a = -2*i - 81, 4*i + 19 = 2*a - 27. What is the tens digit of a?
2
Let z = -29 + 108. What is the tens digit of z?
7
Suppose -8*j + 93 = -5*j. What is the units digit of j?
1
Let q be ((-4)/12)/((-1)/6). Suppose -7*x - 5*d + 133 = -3*x, 3*x - q*d = 71. What is the tens digit of x?
2
Suppose -7*m + 1128 = -3*m + 3*l, 1409 = 5*m + 4*l. What is the tens digit of m?
8
What is the tens digit of (19 - 1)*(-14)/(-21)?
1
Let f(o) = 2*o**2 - 27*o - 26. What is the hundreds digit of f(19)?
1
What is the units digit of 14 + -3*(-8)/6?
8
Let y(s) = 2*s**2 - 19*s - 8. What is the hundreds digit of y(15)?
1
What is the units digit of 2*(-3)/(-12)*6?
3
Suppose 0 = -7*a - 9*a + 432. What is the tens digit of a?
2
Let n(q) = -4*q**3 + q + 6*q**3 - 2*q**2 + 0*q + 0*q**3 + 2. Let a be n(2). What is the units digit of 2/4*1*a?
6
Suppose 5*o - 10 = -0*v + 5*v, 6 = 5*v + 3*o. Let f be 18/6 - (v - -1). Suppose 0 = f*g - g - 9. What is the units digit of g?
9
Suppose -2 = 4*q + 2*b, -3*q - 4*b = -1 + 15. Let m(j) = 3 - 4 + 11*j - q*j. What is the units digit of m(1)?
8
Let g(a) = -2*a**2 + 7*a - 6. Let j be g(4). Let z = -9 - j. Suppose -5*h + 19 = -z. What is the units digit of h?
4
Let q = 11 + -6. Suppose a - 7 = q. What is the units digit of (a/3 - 2) + 3?
5
Let p be (-5)/7 - (-2)/(-7). Let d be p*(1 - 0 - -2). What is the units digit of 20/d*6/(-5)?
8
Suppose -2*z = -5*v + 130, -145 = -10*v + 5*v - z. Suppose -13 = -3*n - m, 0 = 4*m - 24 + 8. Suppose -v = -n*g + g. What is the units digit of g?
4
Let t = -16 + 26. Let l = 6 - t. What is the units digit of l/6 + 24/9?
2
Suppose -4*j = -2*s + 16, -5*s - 3 = j + 1. What is the units digit of s + (-3)/((-12)/32)?
8
Let a(t) = t**2 - 2*t - 2. What is the units digit of a(3)?
1
What is the units digit of 1*(0 + 93 + (3 - 5))?
1
Suppose -24 = 3*q - 6*q. Let j(l) = l**3 - 7*l**2 - 7*l - 3. What is the units digit of j(q)?
5
Let b = 46 - 3. What is the units digit of b?
3
Let u(n) = -n**3 - 2*n**2 - 3*n - 2. Let g = -7 + 5. What is the units digit of u(g)?
4
Suppose 57 = 3*p + 9. What is the units digit of (1 - 0)/(2/p)?
8
Let a be (-3 - -1)/2 - -3. Suppose 7*c = a*c + 25. What is the units digit of c?
5
Let o be -3 + 1/((-3)/(-39)). Suppose -o = 2*r - 4*r, 12 = 3*x - 3*r. What is the units digit of x?
9
Suppose 0 = 2*o - 2*h - h + 5, -5*o = 5*h - 25. Suppose -l + 5 = -o*l, -2*w + 35 = -3*l. What is the units digit of w?
0
Suppose 2*a - 1 + 3 = 0, 2*m = 2*a + 36. Let o = 28 - m. What is the units digit of o?
1
Let q(x) = -2*x - 6. Let i be q(-4). Let h(f) = 3*f**2 + f + 2. What is the units digit of h(i)?
6
What is the tens digit of 11/44 + 126/8?
1
Suppose -25 = 3*b + 83. What is the units digit of ((-14)/(-6))/((-6)/b)?
4
Suppose 0 = -3*c + 2*c. Suppose a + c = 1. What is the units digit of a?
1
What is the units digit of (-125)/(-3) - 12/18?
1
What is the tens digit of (0 - -2) + 2 + 25?
2
Let u = 134 + 99. What is the hundreds digit of u?
2
Let x(a) = -a**2 - 9*a - 